{"id":115,"date":"2019-04-02T14:40:25","date_gmt":"2019-04-02T12:40:25","guid":{"rendered":"http:\/\/itxaspe.com\/mochileros\/asia-indonesia\/?page_id=115"},"modified":"2019-04-02T15:18:05","modified_gmt":"2019-04-02T13:18:05","slug":"visado-y-pasaporte-para-indonesia","status":"publish","type":"page","link":"https:\/\/itxaspe.com\/mochileros\/asia-indonesia\/visado-y-pasaporte-para-indonesia\/","title":{"rendered":"VISADO Y PASAPORTE PARA INDONESIA"},"content":{"rendered":"\n<p>El tema de <strong>visado y pasaporte para Indonesia <\/strong>puede variar con el tiempo. <\/p>\n\n\n\n<p>Estamos escribiendo esta informaci\u00f3n en Abril del 2019, as\u00ed que os recomendamos busqu\u00e9is informaci\u00f3n actualizada. <\/p>\n\n\n\n<p>Nuestra fuente: <a href=\"http:\/\/www.exteriores.gob.es\/Portal\/es\/ServiciosAlCiudadano\/SiViajasAlExtranjero\/Paginas\/DetalleRecomendacion.aspx?IdP=87\">http:\/\/www.exteriores.gob.es\/Portal\/es\/ServiciosAlCiudadano\/SiViajasAlExtranjero\/Paginas\/DetalleRecomendacion.aspx?IdP=87<\/a><\/p>\n\n\n\n<h2 class=\"wp-block-heading\">Pasaporte para Indonesia<\/h2>\n\n\n\n<ul class=\"wp-block-gallery columns-1 is-cropped wp-block-gallery-1 is-layout-flex wp-block-gallery-is-layout-flex\"><li class=\"blocks-gallery-item\"><figure><img loading=\"lazy\" decoding=\"async\" width=\"640\" height=\"360\" src=\"http:\/\/itxaspe.com\/mochileros\/asia-indonesia\/wp-content\/uploads\/sites\/2\/2019\/04\/46798164854_b8a708b890_z.jpg\" alt=\"\" data-id=\"118\" data-link=\"http:\/\/itxaspe.com\/mochileros\/asia-indonesia\/46798164854_b8a708b890_z\/\" class=\"wp-image-118\" srcset=\"https:\/\/itxaspe.com\/mochileros\/asia-indonesia\/wp-content\/uploads\/sites\/2\/2019\/04\/46798164854_b8a708b890_z.jpg 640w, https:\/\/itxaspe.com\/mochileros\/asia-indonesia\/wp-content\/uploads\/sites\/2\/2019\/04\/46798164854_b8a708b890_z-300x169.jpg 300w\" sizes=\"auto, (max-width: 640px) 100vw, 640px\" \/><figcaption>Pasaportes espa\u00f1oles<\/figcaption><\/figure><\/li><\/ul>\n\n\n\n<p>Antes de cualquier viaje, revisa tu pasaporte. <\/p>\n\n\n\n<p>Cosas a tener en cuenta para que no lo rechacen:<\/p>\n\n\n\n<ol class=\"wp-block-list\"><li>Est\u00e9 en buenas condiciones.<\/li><li>Validez de m\u00e1s de 6 meses.<\/li><li>Que tenga como m\u00ednimo una p\u00e1gina en blanco sin ning\u00fan sello por cada entrada que vayas a hacer al pa\u00eds.<\/li><li>Si tienes un pasaporte provisional, tienes que tener un visado expedido por una embajada de Indonesia.<\/li><\/ol>\n\n\n\n<p>Si lo rechazaran, te repatriar\u00edan inmediatamente y deber\u00edas asumir los costes de salida de Indonesia (nada divertido). <\/p>\n\n\n\n<p>Mi pasaporte est\u00e1 al d\u00eda, pero el de I\u00f1aki toca renovarlo. Ya hemos pedido cita en <a href=\"https:\/\/www.citapreviadnie.es\/citaPreviaDniExp\/\">Cita previa para renovaci\u00f3n del pasaporte<\/a><\/p>\n\n\n\n<h2 class=\"wp-block-heading\">Visados para Indonesia<\/h2>\n\n\n\n<p>Seg\u00fan leemos los espa\u00f1oles pueden entrar <strong>sin visado <\/strong>por la mayor parte de  los puntos fronterizos del pa\u00eds y estar all\u00ed <strong>hasta un m\u00e1ximo de 30 d\u00edas.<\/strong><\/p>\n\n\n\n<p>Esto para la mayor\u00eda de tipos de viajes (turismo, visita familiar,  sociocultural&#8230;). <em>* Informaci\u00f3n de Abril del 2016 y parece que a\u00fan vigente en Abril del  2019 <\/em><a href=\"http:\/\/embajadaindonesia.es\/169-countries-are-exempted-from-visa-for-a-visit-to-indonesia\/\"><em>http:\/\/embajadaindonesia.es\/169-countries-are-exempted-from-visa-for-a-v<\/em>isit-to-indonesia\/<\/a><\/p>\n\n\n\n<p>Parece que este es nuestro caso, ya que volamos a finales de Julio y antes de 30 d\u00edas estamos de vuelta. Estamos consultando con la Embajada de Indonesia en Espa\u00f1a para confirmarlo (email en el enlace de arriba)<\/p>\n\n\n\n<p><em>*Recordatorio:  al igual que el tema de las <a href=\"http:\/\/itxaspe.com\/mochileros\/asia-indonesia\/vacunas-para-indonesia\/\">vacunas para Indonesia<\/a>, este es un tema que var\u00eda con el tiempo. <\/em><strong><em>Obligatorio que busqu\u00e9is informaci\u00f3n actualizada sobre visado y pasaporte para Indonesia antes del viaje<\/em><\/strong><em>. <\/em><\/p>\n","protected":false},"excerpt":{"rendered":"<p>El tema de visado y pasaporte para Indonesia puede variar con el tiempo. Estamos escribiendo esta informaci\u00f3n en Abril del 2019, as\u00ed que os recomendamos &hellip; <\/p>\n","protected":false},"author":1,"featured_media":118,"parent":0,"menu_order":0,"comment_status":"closed","ping_status":"closed","template":"","meta":{"footnotes":""},"class_list":["post-115","page","type-page","status-publish","has-post-thumbnail","hentry"],"yoast_head":"<!-- This site is optimized with the Yoast SEO plugin v26.8 - https:\/\/yoast.com\/product\/yoast-seo-wordpress\/ -->\n<title>VISADO Y PASAPORTE PARA INDONESIA - MOCHILEROS POR INDONESIA - ASIA - AGOSTO 2019<\/title>\n<meta name=\"description\" content=\"\u00bfEs necesario visado y pasaporte para Indonesia? Muy importante antes de cualquier viaje. Aqu\u00ed la informaci\u00f3n que hemos encontrado en Abril del 2019\" \/>\n<meta name=\"robots\" content=\"index, follow, max-snippet:-1, max-image-preview:large, max-video-preview:-1\" \/>\n<link rel=\"canonical\" href=\"https:\/\/itxaspe.com\/mochileros\/asia-indonesia\/visado-y-pasaporte-para-indonesia\/\" \/>\n<meta property=\"og:locale\" content=\"es_ES\" \/>\n<meta property=\"og:type\" content=\"article\" \/>\n<meta property=\"og:title\" content=\"VISADO Y PASAPORTE PARA INDONESIA - MOCHILEROS POR INDONESIA - ASIA - AGOSTO 2019\" \/>\n<meta property=\"og:description\" content=\"\u00bfEs necesario visado y pasaporte para Indonesia? Muy importante antes de cualquier viaje. Aqu\u00ed la informaci\u00f3n que hemos encontrado en Abril del 2019\" \/>\n<meta property=\"og:url\" content=\"https:\/\/itxaspe.com\/mochileros\/asia-indonesia\/visado-y-pasaporte-para-indonesia\/\" \/>\n<meta property=\"og:site_name\" content=\"MOCHILEROS POR INDONESIA - ASIA - AGOSTO 2019\" \/>\n<meta property=\"article:modified_time\" content=\"2019-04-02T13:18:05+00:00\" \/>\n<meta property=\"og:image\" content=\"https:\/\/itxaspe.com\/mochileros\/asia-indonesia\/wp-content\/uploads\/sites\/2\/2019\/04\/46798164854_b8a708b890_z.jpg\" \/>\n\t<meta property=\"og:image:width\" content=\"640\" \/>\n\t<meta property=\"og:image:height\" content=\"360\" \/>\n\t<meta property=\"og:image:type\" content=\"image\/jpeg\" \/>\n<meta name=\"twitter:card\" content=\"summary_large_image\" \/>\n<meta name=\"twitter:label1\" content=\"Tiempo de lectura\" \/>\n\t<meta name=\"twitter:data1\" content=\"2 minutos\" \/>\n<script type=\"application\/ld+json\" class=\"yoast-schema-graph\">{\"@context\":\"https:\/\/schema.org\",\"@graph\":[{\"@type\":\"WebPage\",\"@id\":\"https:\/\/itxaspe.com\/mochileros\/asia-indonesia\/visado-y-pasaporte-para-indonesia\/\",\"url\":\"https:\/\/itxaspe.com\/mochileros\/asia-indonesia\/visado-y-pasaporte-para-indonesia\/\",\"name\":\"VISADO Y PASAPORTE PARA INDONESIA - MOCHILEROS POR INDONESIA - ASIA - AGOSTO 2019\",\"isPartOf\":{\"@id\":\"https:\/\/itxaspe.com\/mochileros\/asia-indonesia\/#website\"},\"primaryImageOfPage\":{\"@id\":\"https:\/\/itxaspe.com\/mochileros\/asia-indonesia\/visado-y-pasaporte-para-indonesia\/#primaryimage\"},\"image\":{\"@id\":\"https:\/\/itxaspe.com\/mochileros\/asia-indonesia\/visado-y-pasaporte-para-indonesia\/#primaryimage\"},\"thumbnailUrl\":\"https:\/\/itxaspe.com\/mochileros\/asia-indonesia\/wp-content\/uploads\/sites\/2\/2019\/04\/46798164854_b8a708b890_z.jpg\",\"datePublished\":\"2019-04-02T12:40:25+00:00\",\"dateModified\":\"2019-04-02T13:18:05+00:00\",\"description\":\"\u00bfEs necesario visado y pasaporte para Indonesia? Muy importante antes de cualquier viaje. Aqu\u00ed la informaci\u00f3n que hemos encontrado en Abril del 2019\",\"breadcrumb\":{\"@id\":\"https:\/\/itxaspe.com\/mochileros\/asia-indonesia\/visado-y-pasaporte-para-indonesia\/#breadcrumb\"},\"inLanguage\":\"es\",\"potentialAction\":[{\"@type\":\"ReadAction\",\"target\":[\"https:\/\/itxaspe.com\/mochileros\/asia-indonesia\/visado-y-pasaporte-para-indonesia\/\"]}]},{\"@type\":\"ImageObject\",\"inLanguage\":\"es\",\"@id\":\"https:\/\/itxaspe.com\/mochileros\/asia-indonesia\/visado-y-pasaporte-para-indonesia\/#primaryimage\",\"url\":\"https:\/\/itxaspe.com\/mochileros\/asia-indonesia\/wp-content\/uploads\/sites\/2\/2019\/04\/46798164854_b8a708b890_z.jpg\",\"contentUrl\":\"https:\/\/itxaspe.com\/mochileros\/asia-indonesia\/wp-content\/uploads\/sites\/2\/2019\/04\/46798164854_b8a708b890_z.jpg\",\"width\":640,\"height\":360,\"caption\":\"Pasaportes espa\u00f1oles\"},{\"@type\":\"BreadcrumbList\",\"@id\":\"https:\/\/itxaspe.com\/mochileros\/asia-indonesia\/visado-y-pasaporte-para-indonesia\/#breadcrumb\",\"itemListElement\":[{\"@type\":\"ListItem\",\"position\":1,\"name\":\"Portada\",\"item\":\"https:\/\/itxaspe.com\/mochileros\/asia-indonesia\/\"},{\"@type\":\"ListItem\",\"position\":2,\"name\":\"VISADO Y PASAPORTE PARA INDONESIA\"}]},{\"@type\":\"WebSite\",\"@id\":\"https:\/\/itxaspe.com\/mochileros\/asia-indonesia\/#website\",\"url\":\"https:\/\/itxaspe.com\/mochileros\/asia-indonesia\/\",\"name\":\"MOCHILEROS POR INDONESIA - ASIA - AGOSTO 2019\",\"description\":\"Nuestro blog de viaje a Indonesia. Primer viaje con la mochila a cuestas\",\"potentialAction\":[{\"@type\":\"SearchAction\",\"target\":{\"@type\":\"EntryPoint\",\"urlTemplate\":\"https:\/\/itxaspe.com\/mochileros\/asia-indonesia\/?s={search_term_string}\"},\"query-input\":{\"@type\":\"PropertyValueSpecification\",\"valueRequired\":true,\"valueName\":\"search_term_string\"}}],\"inLanguage\":\"es\"}]}<\/script>\n<!-- \/ Yoast SEO plugin. -->","yoast_head_json":{"title":"VISADO Y PASAPORTE PARA INDONESIA - MOCHILEROS POR INDONESIA - ASIA - AGOSTO 2019","description":"\u00bfEs necesario visado y pasaporte para Indonesia? Muy importante antes de cualquier viaje. Aqu\u00ed la informaci\u00f3n que hemos encontrado en Abril del 2019","robots":{"index":"index","follow":"follow","max-snippet":"max-snippet:-1","max-image-preview":"max-image-preview:large","max-video-preview":"max-video-preview:-1"},"canonical":"https:\/\/itxaspe.com\/mochileros\/asia-indonesia\/visado-y-pasaporte-para-indonesia\/","og_locale":"es_ES","og_type":"article","og_title":"VISADO Y PASAPORTE PARA INDONESIA - MOCHILEROS POR INDONESIA - ASIA - AGOSTO 2019","og_description":"\u00bfEs necesario visado y pasaporte para Indonesia? Muy importante antes de cualquier viaje. Aqu\u00ed la informaci\u00f3n que hemos encontrado en Abril del 2019","og_url":"https:\/\/itxaspe.com\/mochileros\/asia-indonesia\/visado-y-pasaporte-para-indonesia\/","og_site_name":"MOCHILEROS POR INDONESIA - ASIA - AGOSTO 2019","article_modified_time":"2019-04-02T13:18:05+00:00","og_image":[{"width":640,"height":360,"url":"https:\/\/itxaspe.com\/mochileros\/asia-indonesia\/wp-content\/uploads\/sites\/2\/2019\/04\/46798164854_b8a708b890_z.jpg","type":"image\/jpeg"}],"twitter_card":"summary_large_image","twitter_misc":{"Tiempo de lectura":"2 minutos"},"schema":{"@context":"https:\/\/schema.org","@graph":[{"@type":"WebPage","@id":"https:\/\/itxaspe.com\/mochileros\/asia-indonesia\/visado-y-pasaporte-para-indonesia\/","url":"https:\/\/itxaspe.com\/mochileros\/asia-indonesia\/visado-y-pasaporte-para-indonesia\/","name":"VISADO Y PASAPORTE PARA INDONESIA - MOCHILEROS POR INDONESIA - ASIA - AGOSTO 2019","isPartOf":{"@id":"https:\/\/itxaspe.com\/mochileros\/asia-indonesia\/#website"},"primaryImageOfPage":{"@id":"https:\/\/itxaspe.com\/mochileros\/asia-indonesia\/visado-y-pasaporte-para-indonesia\/#primaryimage"},"image":{"@id":"https:\/\/itxaspe.com\/mochileros\/asia-indonesia\/visado-y-pasaporte-para-indonesia\/#primaryimage"},"thumbnailUrl":"https:\/\/itxaspe.com\/mochileros\/asia-indonesia\/wp-content\/uploads\/sites\/2\/2019\/04\/46798164854_b8a708b890_z.jpg","datePublished":"2019-04-02T12:40:25+00:00","dateModified":"2019-04-02T13:18:05+00:00","description":"\u00bfEs necesario visado y pasaporte para Indonesia? Muy importante antes de cualquier viaje. Aqu\u00ed la informaci\u00f3n que hemos encontrado en Abril del 2019","breadcrumb":{"@id":"https:\/\/itxaspe.com\/mochileros\/asia-indonesia\/visado-y-pasaporte-para-indonesia\/#breadcrumb"},"inLanguage":"es","potentialAction":[{"@type":"ReadAction","target":["https:\/\/itxaspe.com\/mochileros\/asia-indonesia\/visado-y-pasaporte-para-indonesia\/"]}]},{"@type":"ImageObject","inLanguage":"es","@id":"https:\/\/itxaspe.com\/mochileros\/asia-indonesia\/visado-y-pasaporte-para-indonesia\/#primaryimage","url":"https:\/\/itxaspe.com\/mochileros\/asia-indonesia\/wp-content\/uploads\/sites\/2\/2019\/04\/46798164854_b8a708b890_z.jpg","contentUrl":"https:\/\/itxaspe.com\/mochileros\/asia-indonesia\/wp-content\/uploads\/sites\/2\/2019\/04\/46798164854_b8a708b890_z.jpg","width":640,"height":360,"caption":"Pasaportes espa\u00f1oles"},{"@type":"BreadcrumbList","@id":"https:\/\/itxaspe.com\/mochileros\/asia-indonesia\/visado-y-pasaporte-para-indonesia\/#breadcrumb","itemListElement":[{"@type":"ListItem","position":1,"name":"Portada","item":"https:\/\/itxaspe.com\/mochileros\/asia-indonesia\/"},{"@type":"ListItem","position":2,"name":"VISADO Y PASAPORTE PARA INDONESIA"}]},{"@type":"WebSite","@id":"https:\/\/itxaspe.com\/mochileros\/asia-indonesia\/#website","url":"https:\/\/itxaspe.com\/mochileros\/asia-indonesia\/","name":"MOCHILEROS POR INDONESIA - ASIA - AGOSTO 2019","description":"Nuestro blog de viaje a Indonesia. Primer viaje con la mochila a cuestas","potentialAction":[{"@type":"SearchAction","target":{"@type":"EntryPoint","urlTemplate":"https:\/\/itxaspe.com\/mochileros\/asia-indonesia\/?s={search_term_string}"},"query-input":{"@type":"PropertyValueSpecification","valueRequired":true,"valueName":"search_term_string"}}],"inLanguage":"es"}]}},"_links":{"self":[{"href":"https:\/\/itxaspe.com\/mochileros\/asia-indonesia\/wp-json\/wp\/v2\/pages\/115","targetHints":{"allow":["GET"]}}],"collection":[{"href":"https:\/\/itxaspe.com\/mochileros\/asia-indonesia\/wp-json\/wp\/v2\/pages"}],"about":[{"href":"https:\/\/itxaspe.com\/mochileros\/asia-indonesia\/wp-json\/wp\/v2\/types\/page"}],"author":[{"embeddable":true,"href":"https:\/\/itxaspe.com\/mochileros\/asia-indonesia\/wp-json\/wp\/v2\/users\/1"}],"replies":[{"embeddable":true,"href":"https:\/\/itxaspe.com\/mochileros\/asia-indonesia\/wp-json\/wp\/v2\/comments?post=115"}],"version-history":[{"count":7,"href":"https:\/\/itxaspe.com\/mochileros\/asia-indonesia\/wp-json\/wp\/v2\/pages\/115\/revisions"}],"predecessor-version":[{"id":127,"href":"https:\/\/itxaspe.com\/mochileros\/asia-indonesia\/wp-json\/wp\/v2\/pages\/115\/revisions\/127"}],"wp:featuredmedia":[{"embeddable":true,"href":"https:\/\/itxaspe.com\/mochileros\/asia-indonesia\/wp-json\/wp\/v2\/media\/118"}],"wp:attachment":[{"href":"https:\/\/itxaspe.com\/mochileros\/asia-indonesia\/wp-json\/wp\/v2\/media?parent=115"}],"curies":[{"name":"wp","href":"https:\/\/api.w.org\/{rel}","templated":true}]}}