{"id":215,"date":"2019-07-27T10:41:45","date_gmt":"2019-07-27T08:41:45","guid":{"rendered":"http:\/\/itxaspe.com\/mochileros\/asia-indonesia\/?page_id=215"},"modified":"2019-07-27T11:47:13","modified_gmt":"2019-07-27T09:47:13","slug":"ropa-y-calzado-para-indonesia","status":"publish","type":"page","link":"https:\/\/itxaspe.com\/mochileros\/asia-indonesia\/ropa-y-calzado-para-indonesia\/","title":{"rendered":"ROPA Y CALZADO PARA INDONESIA"},"content":{"rendered":"\n<h2 class=\"wp-block-heading\">\u00bfQu\u00e9 ropa vamos a meter en la mochila para el viaje a Indonesia?<\/h2>\n\n\n\n<p>Llego la hora de elegir la ropa y calzado para Indonesia.<\/p>\n\n\n\n<p>Seg\u00fan leemos las temperaturas en Indonesia tienen un promedio de 25\u00ba a 30\u00ba. Seg\u00fan la zona, el mes, la altura, esto variar\u00e1, pero partimos de que vamos a pasar calor&#8230; y vamos a sudar mucho. Esto no quitar\u00e1 que en alguna ocasi\u00f3n vayamos a alg\u00fan sitio en altura y debamos abrigarnos bien. <\/p>\n\n\n\n<h2 class=\"wp-block-heading\">Recomendaciones que nos dan <\/h2>\n\n\n\n<p>Nos hemos juntado con una pareja que lleva viajando a Asia durante los \u00faltimos a\u00f1os y nos han dado unas indicaciones al respecto. <\/p>\n\n\n\n<ol class=\"wp-block-list\"><li>Sobre todo, y algo m\u00e1s que natural, <strong>respetar las costumbres de all\u00ed.<\/strong> En zonas tur\u00edsticas no habr\u00e1 problema con la ropa que lleves, pero si te mueves por zonas m\u00e1s remotas (supongo que lo haremos), deber\u00edamos ser m\u00e1s discretos. Por ejemplo, los hombres que no lleven camisetas de tirantes y las mujeres ropa que cubra los hombros. <\/li><li>Una prenda muy vers\u00e1til y que podremos utilizar en muchas ocasiones: un pareo, tanto para hombre como para mujer. All\u00ed se utilizan los llamados Sarong <a href=\"https:\/\/es.wikipedia.org\/wiki\/Sarong\">https:\/\/es.wikipedia.org\/wiki\/Sarong<\/a> . La podremos usar como: falda, toalla de playa, vestido&#8230; No tenemos uno, pero ya nos agenciaremos una vez all\u00ed. Si tienes en casa, no te olvides meterlo.<\/li><li>Ropa de colores claros, para los mosquitos. M\u00e1s bien para que nos piquen menos. No sabemos si es cierto o no, pero en varios sitios lo estamos leyendo. Una pena, con lo que nos gusta a nosotros la ropa oscura.. \ud83d\ude09<\/li><li>Seg\u00fan nos cuentan no tendremos mayor problema para encontrar sitios donde nos limpien la ropa bien econ\u00f3micos, as\u00ed que tampoco nos hace falta llevar mucha ropa.<\/li><li>Pantalones largos y cortos: 2 cortos por ejemplo y uno largo para los d\u00edas que pueda haber menos temperatura. De los cortos, si uno es pirata (que tape las rodillas) genial para poder entrar en templos y pagodas si no tienes pareo.<\/li><li>Camisetas c\u00f3modas: recuerda que si eres mujer conviene que metas algunas de manga corta o larga para cubrir los hombros. <\/li><li>Calcetines: con dos pares de calcetines deber\u00eda ser de sobra. La mayor parte del tiempo estar\u00e1s en chancletas\/sandalias. <\/li><li>Ropa interior: con 4 mudas deber\u00eda ser suficiente. <\/li><li>Ba\u00f1ador \/ bikini <\/li><li>Ropa un poco m\u00e1s t\u00e9rmica o polar: una camiseta larga t\u00e9rmica. Unos pantalones largos t\u00e9rmicos finos que puedas meter debajo de los pantalones largos. Un plumas ligero y un chubasquero impermeable ligero. <\/li><\/ol>\n\n\n\n<h2 class=\"wp-block-heading\">\u00bfQu\u00e9 voy a meter yo en mi mochila? <\/h2>\n\n\n\n<p>Teniendo en cuenta estas indicaciones, aqu\u00ed lo que va<\/p>\n\n\n\n<figure class=\"wp-block-image\"><a href=\"https:\/\/www.flickr.com\/photos\/48196942@N00\/48379343142\/in\/datetaken\/\"><img decoding=\"async\" src=\"https:\/\/live.staticflickr.com\/65535\/48379343142_b451ea2071_c.jpg\" alt=\"ropa y calzado para indonesia que llevamos desde casa\"\/><\/a><\/figure>\n\n\n\n<h3 class=\"wp-block-heading\">Ropa de abrigo<\/h3>\n\n\n\n<ol class=\"wp-block-list\"><li>Un plumas ligero comprimible y que no ocupa nada. <\/li><li>Un goretex para cuando vayamos de treking o en caso de que nos caiga alguna tromba de agua. <\/li><li>Un jersey manga larga gordito. <\/li><li>Una camiseta manga larga de lana merino. <\/li><li>Unas mallas deportivas largas. <\/li><\/ol>\n\n\n\n<p>Esto quiz\u00e1 deber\u00eda ir todo en el fondo de la mochila, pero no va a ser as\u00ed. Hay que tener cuidado en los aeropuertos, aviones y  <a href=\"https:\/\/itxaspe.com\/mochileros\/asia-indonesia\/transporte\/\">medios de transporte<\/a>. Fuera puede hacer mucho calor, pero &#8230;. las podemos pasar canutas con el aire acondicionado, y no queremos pillarnos algo que pueda ser evitable. As\u00ed que jersey, plumas y pantal\u00f3n largo en los viajes ir\u00e1n arriba y muy accesibles por si las moscas.. \ud83d\ude09 <\/p>\n\n\n\n<h3 class=\"wp-block-heading\">Ropa y varios de playa<\/h3>\n\n\n\n<p>Tenemos intenci\u00f3n de visitar playas, hacer buceo, surf o ir viendo&#8230;. as\u00ed que toca meter ropa para el agua<\/p>\n\n\n\n<ol class=\"wp-block-list\"><li>Un <strong>par de bikinis<\/strong>, uno normal y otro de nataci\u00f3n. El de nataci\u00f3n me servir\u00e1 tambi\u00e9n como top deportivo para ir de treking alg\u00fan d\u00eda. <\/li><li>Ya que tengo una <strong>camiseta de licra<\/strong>, para dentro que va<\/li><li><strong>Toalla de microfibra<\/strong> para la playa y para varios.<\/li><li>Si finalmente nos entra, tenemos intenci\u00f3n de meter una <a href=\"https:\/\/www.itxaspe.com\/BlogsDeportes\/MaterialDeportivo\/saferswimmer-seguridad-en-aguas-abiertas-test-video-de-prueba\/\"><strong>boya de seguridad para nadar<\/strong><\/a><strong> <\/strong>en alguna playa. <\/li><li><strong>Gafas y gorro de nataci\u00f3n<\/strong>. No ocupan nada, y las gafas nos servir\u00e1n para nadar y para los d\u00edas que hagamos buceo sin alquilar nada.. \ud83d\ude09 <\/li><li>Un par de <strong>vestidos c\u00f3modos y frescos<\/strong>. Servir\u00e1n de camiseta en caso de necesidad tambi\u00e9n. <\/li><\/ol>\n\n\n\n<h3 class=\"wp-block-heading\">Ropa interior<\/h3>\n\n\n\n<ul class=\"wp-block-list\"><li>Tres mudas, 2 de ellas deportivas de Maloja (secado rapid\u00edsimo) que me servir\u00e1n como ropa interior o como ba\u00f1ador en caso de necesidad. <\/li><li>Dos pares de calcetines. Uno de ellos de lana merino y otro normal deportivo para treking. <\/li><\/ul>\n\n\n\n<h3 class=\"wp-block-heading\">Calzado para Indonesia<\/h3>\n\n\n\n<ul class=\"wp-block-list\"><li>Una zapatillas de treking viejas que tengo. En estos momentos les est\u00e1n cambiando la suela para que al menos me aguanten este Agosto.<\/li><li>Unas sandalias atadas que har\u00e1n funci\u00f3n de uso diario y playa. Est\u00e1n dando los \u00faltimos coletazos, as\u00ed que los aprovecharemos all\u00ed. <\/li><\/ul>\n\n\n\n<h3 class=\"wp-block-heading\">Pantalones y camisetas<\/h3>\n\n\n\n<p><strong>Pantalones<\/strong>: unos cortos deportivos de secado r\u00e1pido y comod\u00edsimos que usar\u00e9 para el viaje y all\u00ed para d\u00eda a d\u00eda (en el avi\u00f3n llevar\u00e9 los largos para poder pon\u00e9rmelos por encima en caso de fr\u00edo). Otros para treking (que quiz\u00e1 termine por dejarlos en casa y use solo los primeros para todo)  y finalmente unos liger\u00edsimos y frescos piratas de Maloja que me servir\u00e1n para ir con las rodillas tapadas y respetar las costumbres de all\u00ed dependiendo de en la zona en la que nos movamos. <\/p>\n\n\n\n<p><strong>Camisetas<\/strong>: un par de camisetas de lana merino de tirantes que tengo en casa. <\/p>\n\n\n\n<h3 class=\"wp-block-heading\">Varios<\/h3>\n\n\n\n<ol class=\"wp-block-list\"><li><strong>Mochila para diario: <\/strong>una mochila ligera que podremos llevarnos a la playa o de turismo diario dejando la otra en el alojamiento. <a href=\"https:\/\/www.itxaspe.com\/BlogsDeportes\/MaterialDeportivo\/mochilas-de-hidratacion-para-trailrunning-10l-kalenji-probada-a-fondo-este-verano\/\">https:\/\/www.itxaspe.com\/BlogsDeportes\/MaterialDeportivo\/mochilas-de-hidratacion-para-trailrunning-10l-kalenji-probada-a-fondo-este-verano\/<\/a><\/li><li><strong>Saco s\u00e1bana.<\/strong> Del viaje a EEUU tenemos un saco s\u00e1bana doble. En caso de que estemos en literas, nos tocar\u00e1 pelear por \u00e9l.. \ud83d\ude09 <\/li><li><strong>Visera deportiva:<\/strong> una visera fresca para taparnos un poco del sol<\/li><li><strong>Gafas de sol:<\/strong> unas polarizadas<\/li><\/ol>\n\n\n\n<h2 class=\"wp-block-heading\">Consideraciones finales<\/h2>\n\n\n\n<p>Al principio hemos dicho algo muy importante sobre <strong>respetar las costumbres de all\u00ed<\/strong> y realmente con lo que llevamos desde aqu\u00ed estamos teni\u00e9ndolo en cuenta vagamente. Nuestra intenci\u00f3n es ver en Yakarta qu\u00e9 se suelen poner all\u00ed y hacer una mini-compra b\u00e1sica m\u00e1s discreta para las ocasiones en las que estemos en zonas poco tur\u00edsticas, remotas y visitas a templos. <\/p>\n\n\n\n<p>Esto es b\u00e1sicamente lo que vamos a llevar. Lo que nos haga falta de m\u00e1s, compraremos all\u00ed \ud83d\ude09 <\/p>\n","protected":false},"excerpt":{"rendered":"<p>\u00bfQu\u00e9 ropa vamos a meter en la mochila para el viaje a Indonesia? Llego la hora de elegir la ropa y calzado para Indonesia. Seg\u00fan &hellip; <\/p>\n","protected":false},"author":1,"featured_media":0,"parent":0,"menu_order":0,"comment_status":"closed","ping_status":"closed","template":"","meta":{"footnotes":""},"class_list":["post-215","page","type-page","status-publish","hentry"],"yoast_head":"<!-- This site is optimized with the Yoast SEO plugin v26.8 - https:\/\/yoast.com\/product\/yoast-seo-wordpress\/ -->\n<title>ROPA Y CALZADO PARA INDONESIA - MOCHILEROS POR INDONESIA - ASIA - AGOSTO 2019<\/title>\n<meta name=\"description\" content=\"Llego la hora de elegir la ropa y calzado para indonesia. Teniendo en cuenta recomendaciones, aqu\u00ed ponemos lo que llevamos para nuestro viaje.\" \/>\n<meta name=\"robots\" content=\"index, follow, max-snippet:-1, max-image-preview:large, max-video-preview:-1\" \/>\n<link rel=\"canonical\" href=\"https:\/\/itxaspe.com\/mochileros\/asia-indonesia\/ropa-y-calzado-para-indonesia\/\" \/>\n<meta property=\"og:locale\" content=\"es_ES\" \/>\n<meta property=\"og:type\" content=\"article\" \/>\n<meta property=\"og:title\" content=\"ROPA Y CALZADO PARA INDONESIA - MOCHILEROS POR INDONESIA - ASIA - AGOSTO 2019\" \/>\n<meta property=\"og:description\" content=\"Llego la hora de elegir la ropa y calzado para indonesia. Teniendo en cuenta recomendaciones, aqu\u00ed ponemos lo que llevamos para nuestro viaje.\" \/>\n<meta property=\"og:url\" content=\"https:\/\/itxaspe.com\/mochileros\/asia-indonesia\/ropa-y-calzado-para-indonesia\/\" \/>\n<meta property=\"og:site_name\" content=\"MOCHILEROS POR INDONESIA - ASIA - AGOSTO 2019\" \/>\n<meta property=\"article:modified_time\" content=\"2019-07-27T09:47:13+00:00\" \/>\n<meta property=\"og:image\" content=\"https:\/\/live.staticflickr.com\/65535\/48379343142_b451ea2071_c.jpg\" \/>\n<meta name=\"twitter:card\" content=\"summary_large_image\" \/>\n<meta name=\"twitter:label1\" content=\"Tiempo de lectura\" \/>\n\t<meta name=\"twitter:data1\" content=\"5 minutos\" \/>\n<script type=\"application\/ld+json\" class=\"yoast-schema-graph\">{\"@context\":\"https:\/\/schema.org\",\"@graph\":[{\"@type\":\"WebPage\",\"@id\":\"https:\/\/itxaspe.com\/mochileros\/asia-indonesia\/ropa-y-calzado-para-indonesia\/\",\"url\":\"https:\/\/itxaspe.com\/mochileros\/asia-indonesia\/ropa-y-calzado-para-indonesia\/\",\"name\":\"ROPA Y CALZADO PARA INDONESIA - MOCHILEROS POR INDONESIA - ASIA - AGOSTO 2019\",\"isPartOf\":{\"@id\":\"https:\/\/itxaspe.com\/mochileros\/asia-indonesia\/#website\"},\"primaryImageOfPage\":{\"@id\":\"https:\/\/itxaspe.com\/mochileros\/asia-indonesia\/ropa-y-calzado-para-indonesia\/#primaryimage\"},\"image\":{\"@id\":\"https:\/\/itxaspe.com\/mochileros\/asia-indonesia\/ropa-y-calzado-para-indonesia\/#primaryimage\"},\"thumbnailUrl\":\"https:\/\/live.staticflickr.com\/65535\/48379343142_b451ea2071_c.jpg\",\"datePublished\":\"2019-07-27T08:41:45+00:00\",\"dateModified\":\"2019-07-27T09:47:13+00:00\",\"description\":\"Llego la hora de elegir la ropa y calzado para indonesia. Teniendo en cuenta recomendaciones, aqu\u00ed ponemos lo que llevamos para nuestro viaje.\",\"breadcrumb\":{\"@id\":\"https:\/\/itxaspe.com\/mochileros\/asia-indonesia\/ropa-y-calzado-para-indonesia\/#breadcrumb\"},\"inLanguage\":\"es\",\"potentialAction\":[{\"@type\":\"ReadAction\",\"target\":[\"https:\/\/itxaspe.com\/mochileros\/asia-indonesia\/ropa-y-calzado-para-indonesia\/\"]}]},{\"@type\":\"ImageObject\",\"inLanguage\":\"es\",\"@id\":\"https:\/\/itxaspe.com\/mochileros\/asia-indonesia\/ropa-y-calzado-para-indonesia\/#primaryimage\",\"url\":\"https:\/\/live.staticflickr.com\/65535\/48379343142_b451ea2071_c.jpg\",\"contentUrl\":\"https:\/\/live.staticflickr.com\/65535\/48379343142_b451ea2071_c.jpg\"},{\"@type\":\"BreadcrumbList\",\"@id\":\"https:\/\/itxaspe.com\/mochileros\/asia-indonesia\/ropa-y-calzado-para-indonesia\/#breadcrumb\",\"itemListElement\":[{\"@type\":\"ListItem\",\"position\":1,\"name\":\"Portada\",\"item\":\"https:\/\/itxaspe.com\/mochileros\/asia-indonesia\/\"},{\"@type\":\"ListItem\",\"position\":2,\"name\":\"ROPA Y CALZADO PARA INDONESIA\"}]},{\"@type\":\"WebSite\",\"@id\":\"https:\/\/itxaspe.com\/mochileros\/asia-indonesia\/#website\",\"url\":\"https:\/\/itxaspe.com\/mochileros\/asia-indonesia\/\",\"name\":\"MOCHILEROS POR INDONESIA - ASIA - AGOSTO 2019\",\"description\":\"Nuestro blog de viaje a Indonesia. Primer viaje con la mochila a cuestas\",\"potentialAction\":[{\"@type\":\"SearchAction\",\"target\":{\"@type\":\"EntryPoint\",\"urlTemplate\":\"https:\/\/itxaspe.com\/mochileros\/asia-indonesia\/?s={search_term_string}\"},\"query-input\":{\"@type\":\"PropertyValueSpecification\",\"valueRequired\":true,\"valueName\":\"search_term_string\"}}],\"inLanguage\":\"es\"}]}<\/script>\n<!-- \/ Yoast SEO plugin. -->","yoast_head_json":{"title":"ROPA Y CALZADO PARA INDONESIA - MOCHILEROS POR INDONESIA - ASIA - AGOSTO 2019","description":"Llego la hora de elegir la ropa y calzado para indonesia. Teniendo en cuenta recomendaciones, aqu\u00ed ponemos lo que llevamos para nuestro viaje.","robots":{"index":"index","follow":"follow","max-snippet":"max-snippet:-1","max-image-preview":"max-image-preview:large","max-video-preview":"max-video-preview:-1"},"canonical":"https:\/\/itxaspe.com\/mochileros\/asia-indonesia\/ropa-y-calzado-para-indonesia\/","og_locale":"es_ES","og_type":"article","og_title":"ROPA Y CALZADO PARA INDONESIA - MOCHILEROS POR INDONESIA - ASIA - AGOSTO 2019","og_description":"Llego la hora de elegir la ropa y calzado para indonesia. Teniendo en cuenta recomendaciones, aqu\u00ed ponemos lo que llevamos para nuestro viaje.","og_url":"https:\/\/itxaspe.com\/mochileros\/asia-indonesia\/ropa-y-calzado-para-indonesia\/","og_site_name":"MOCHILEROS POR INDONESIA - ASIA - AGOSTO 2019","article_modified_time":"2019-07-27T09:47:13+00:00","og_image":[{"url":"https:\/\/live.staticflickr.com\/65535\/48379343142_b451ea2071_c.jpg","type":"","width":"","height":""}],"twitter_card":"summary_large_image","twitter_misc":{"Tiempo de lectura":"5 minutos"},"schema":{"@context":"https:\/\/schema.org","@graph":[{"@type":"WebPage","@id":"https:\/\/itxaspe.com\/mochileros\/asia-indonesia\/ropa-y-calzado-para-indonesia\/","url":"https:\/\/itxaspe.com\/mochileros\/asia-indonesia\/ropa-y-calzado-para-indonesia\/","name":"ROPA Y CALZADO PARA INDONESIA - MOCHILEROS POR INDONESIA - ASIA - AGOSTO 2019","isPartOf":{"@id":"https:\/\/itxaspe.com\/mochileros\/asia-indonesia\/#website"},"primaryImageOfPage":{"@id":"https:\/\/itxaspe.com\/mochileros\/asia-indonesia\/ropa-y-calzado-para-indonesia\/#primaryimage"},"image":{"@id":"https:\/\/itxaspe.com\/mochileros\/asia-indonesia\/ropa-y-calzado-para-indonesia\/#primaryimage"},"thumbnailUrl":"https:\/\/live.staticflickr.com\/65535\/48379343142_b451ea2071_c.jpg","datePublished":"2019-07-27T08:41:45+00:00","dateModified":"2019-07-27T09:47:13+00:00","description":"Llego la hora de elegir la ropa y calzado para indonesia. Teniendo en cuenta recomendaciones, aqu\u00ed ponemos lo que llevamos para nuestro viaje.","breadcrumb":{"@id":"https:\/\/itxaspe.com\/mochileros\/asia-indonesia\/ropa-y-calzado-para-indonesia\/#breadcrumb"},"inLanguage":"es","potentialAction":[{"@type":"ReadAction","target":["https:\/\/itxaspe.com\/mochileros\/asia-indonesia\/ropa-y-calzado-para-indonesia\/"]}]},{"@type":"ImageObject","inLanguage":"es","@id":"https:\/\/itxaspe.com\/mochileros\/asia-indonesia\/ropa-y-calzado-para-indonesia\/#primaryimage","url":"https:\/\/live.staticflickr.com\/65535\/48379343142_b451ea2071_c.jpg","contentUrl":"https:\/\/live.staticflickr.com\/65535\/48379343142_b451ea2071_c.jpg"},{"@type":"BreadcrumbList","@id":"https:\/\/itxaspe.com\/mochileros\/asia-indonesia\/ropa-y-calzado-para-indonesia\/#breadcrumb","itemListElement":[{"@type":"ListItem","position":1,"name":"Portada","item":"https:\/\/itxaspe.com\/mochileros\/asia-indonesia\/"},{"@type":"ListItem","position":2,"name":"ROPA Y CALZADO PARA INDONESIA"}]},{"@type":"WebSite","@id":"https:\/\/itxaspe.com\/mochileros\/asia-indonesia\/#website","url":"https:\/\/itxaspe.com\/mochileros\/asia-indonesia\/","name":"MOCHILEROS POR INDONESIA - ASIA - AGOSTO 2019","description":"Nuestro blog de viaje a Indonesia. Primer viaje con la mochila a cuestas","potentialAction":[{"@type":"SearchAction","target":{"@type":"EntryPoint","urlTemplate":"https:\/\/itxaspe.com\/mochileros\/asia-indonesia\/?s={search_term_string}"},"query-input":{"@type":"PropertyValueSpecification","valueRequired":true,"valueName":"search_term_string"}}],"inLanguage":"es"}]}},"_links":{"self":[{"href":"https:\/\/itxaspe.com\/mochileros\/asia-indonesia\/wp-json\/wp\/v2\/pages\/215","targetHints":{"allow":["GET"]}}],"collection":[{"href":"https:\/\/itxaspe.com\/mochileros\/asia-indonesia\/wp-json\/wp\/v2\/pages"}],"about":[{"href":"https:\/\/itxaspe.com\/mochileros\/asia-indonesia\/wp-json\/wp\/v2\/types\/page"}],"author":[{"embeddable":true,"href":"https:\/\/itxaspe.com\/mochileros\/asia-indonesia\/wp-json\/wp\/v2\/users\/1"}],"replies":[{"embeddable":true,"href":"https:\/\/itxaspe.com\/mochileros\/asia-indonesia\/wp-json\/wp\/v2\/comments?post=215"}],"version-history":[{"count":7,"href":"https:\/\/itxaspe.com\/mochileros\/asia-indonesia\/wp-json\/wp\/v2\/pages\/215\/revisions"}],"predecessor-version":[{"id":296,"href":"https:\/\/itxaspe.com\/mochileros\/asia-indonesia\/wp-json\/wp\/v2\/pages\/215\/revisions\/296"}],"wp:attachment":[{"href":"https:\/\/itxaspe.com\/mochileros\/asia-indonesia\/wp-json\/wp\/v2\/media?parent=215"}],"curies":[{"name":"wp","href":"https:\/\/api.w.org\/{rel}","templated":true}]}}