{"id":240,"date":"2019-06-05T16:08:28","date_gmt":"2019-06-05T14:08:28","guid":{"rendered":"http:\/\/itxaspe.com\/mochileros\/asia-indonesia\/?page_id=240"},"modified":"2019-09-01T20:31:52","modified_gmt":"2019-09-01T18:31:52","slug":"transporte","status":"publish","type":"page","link":"https:\/\/itxaspe.com\/mochileros\/asia-indonesia\/transporte\/","title":{"rendered":"TRANSPORTE"},"content":{"rendered":"\n<h2 class=\"wp-block-heading\">Reserva de transporte en Indonesia<\/h2>\n\n\n\n<p>El vuelo desde aqu\u00ed a Yakarta y vuelta ya lo tenemos cogido (con Qatar Airlines), pero una vez all\u00ed nos tocar\u00e1 movernos. Aqu\u00ed pondremos algunas webs de consulta para mirar tema de <strong>transporte en Indonesia<\/strong>: mar, aire, tierra.. \ud83d\ude09 <\/p>\n\n\n\n<figure class=\"wp-block-image\"><a href=\"https:\/\/www.flickr.com\/photos\/48196942@N00\/3035527243\/in\/album-72157609236536687\/\"><img decoding=\"async\" src=\"https:\/\/live.staticflickr.com\/3154\/3035527243_ccdcb94862_o.jpg\" alt=\"transporte en Indonesia, volaremos en avi\u00f3n\"\/><\/a><\/figure>\n\n\n\n<ul class=\"wp-block-list\"><li><strong>Aire<\/strong>:  buscadores de vuelos baratos <a rel=\"noreferrer noopener\" href=\"http:\/\/clk.tradedoubler.com\/click?p(224466)a(2525938)g(20638346)\" target=\"_blank\">Skyscanner<\/a> o <a rel=\"noreferrer noopener\" href=\"https:\/\/en.tiket.com\/kereta-api\" target=\"_blank\">Tiket.com<\/a> <\/li><li><strong>Tierra<\/strong>: seg\u00fan leemos, la mayor\u00eda de las veces no tendremos acceso a  ning\u00fan portal de reservas online y tendremos que comprar nuestros billetes en  las mismas estaciones de autobuses. En <a rel=\"noreferrer noopener\" href=\"https:\/\/en.tiket.com\/kereta-api\" target=\"_blank\">Tiket.com<\/a>  parece que tambi\u00e9n se pueden coger <strong>billetes de tren  en Indonesia<\/strong>. Primero nos recomiendan mirar en la APP para el m\u00f3vil Kai Access App y una vez sabemos horarios, reservar en Tiket.com que s\u00ed que permite pago con tarjeta nuestra.<\/li><li><strong>Mar<\/strong>: para algunas conexiones en ferry en  Indonesia leemos sobre <a href=\"https:\/\/12go.asia\/es\">https:\/\/12go.asia\/es<\/a><\/li><\/ul>\n\n\n\n<p>Miraremos aqu\u00ed un poco las diferencias, y adem\u00e1s si prevemos que los utilizaremos, nos crearemos usuario y descargaremos Apps al m\u00f3vil para facilitar una vez all\u00ed todo.<\/p>\n\n\n\n<p>A la vuelta del viaje comentaremos qu\u00e9 servicios hemos utilizado y que nos parecen. <\/p>\n\n\n\n<h2 class=\"wp-block-heading\">Qu\u00e9 aplicaciones y webs de transporte hemos utilizado<\/h2>\n\n\n\n<p>Ya estamos de vuelta, y en cuanto terminemos de escribir el relato, iremos rellenado y poniendo toda la informaci\u00f3n aqu\u00ed.<\/p>\n\n\n\n<p>Para movernos en ciudad y alg\u00fan que otro trayecto, nuestro gran aliado ha sido la aplicaci\u00f3n <a href=\"https:\/\/play.google.com\/store\/apps\/details?id=com.grabtaxi.passenger&amp;hl=es\">Grab<\/a>.explicaremos aqu\u00ed nuestra experiencia. Nos ha funcionado genial. <\/p>\n\n\n\n<p>Para vuelos internos, hemos utilizado Tiket.com . La mayor\u00eda de los vuelos hemos cogido con Lion Air, pero desde su web no pod\u00edamos pagar con nuestras tarjetas, as\u00ed que hemos utilizado tiket.com como intermediario y sin problema.<\/p>\n","protected":false},"excerpt":{"rendered":"<p>Reserva de transporte en Indonesia El vuelo desde aqu\u00ed a Yakarta y vuelta ya lo tenemos cogido (con Qatar Airlines), pero una vez all\u00ed nos &hellip; <\/p>\n","protected":false},"author":1,"featured_media":0,"parent":0,"menu_order":0,"comment_status":"closed","ping_status":"closed","template":"","meta":{"footnotes":""},"class_list":["post-240","page","type-page","status-publish","hentry"],"yoast_head":"<!-- This site is optimized with the Yoast SEO plugin v26.8 - https:\/\/yoast.com\/product\/yoast-seo-wordpress\/ -->\n<title>TRANSPORTE - MOCHILEROS POR INDONESIA - ASIA - AGOSTO 2019<\/title>\n<meta name=\"description\" content=\"Una vez estamos all\u00ed, nos tocar\u00e1 coger medios de transporte en Indonesia, para movernos de un sitio a otro. Aqu\u00ed pondremos webs interesantes al respecto\" \/>\n<meta name=\"robots\" content=\"index, follow, max-snippet:-1, max-image-preview:large, max-video-preview:-1\" \/>\n<link rel=\"canonical\" href=\"https:\/\/itxaspe.com\/mochileros\/asia-indonesia\/transporte\/\" \/>\n<meta property=\"og:locale\" content=\"es_ES\" \/>\n<meta property=\"og:type\" content=\"article\" \/>\n<meta property=\"og:title\" content=\"TRANSPORTE - MOCHILEROS POR INDONESIA - ASIA - AGOSTO 2019\" \/>\n<meta property=\"og:description\" content=\"Una vez estamos all\u00ed, nos tocar\u00e1 coger medios de transporte en Indonesia, para movernos de un sitio a otro. Aqu\u00ed pondremos webs interesantes al respecto\" \/>\n<meta property=\"og:url\" content=\"https:\/\/itxaspe.com\/mochileros\/asia-indonesia\/transporte\/\" \/>\n<meta property=\"og:site_name\" content=\"MOCHILEROS POR INDONESIA - ASIA - AGOSTO 2019\" \/>\n<meta property=\"article:modified_time\" content=\"2019-09-01T18:31:52+00:00\" \/>\n<meta property=\"og:image\" content=\"https:\/\/live.staticflickr.com\/3154\/3035527243_ccdcb94862_o.jpg\" \/>\n<meta name=\"twitter:card\" content=\"summary_large_image\" \/>\n<meta name=\"twitter:label1\" content=\"Tiempo de lectura\" \/>\n\t<meta name=\"twitter:data1\" content=\"1 minuto\" \/>\n<script type=\"application\/ld+json\" class=\"yoast-schema-graph\">{\"@context\":\"https:\/\/schema.org\",\"@graph\":[{\"@type\":\"WebPage\",\"@id\":\"https:\/\/itxaspe.com\/mochileros\/asia-indonesia\/transporte\/\",\"url\":\"https:\/\/itxaspe.com\/mochileros\/asia-indonesia\/transporte\/\",\"name\":\"TRANSPORTE - MOCHILEROS POR INDONESIA - ASIA - AGOSTO 2019\",\"isPartOf\":{\"@id\":\"https:\/\/itxaspe.com\/mochileros\/asia-indonesia\/#website\"},\"primaryImageOfPage\":{\"@id\":\"https:\/\/itxaspe.com\/mochileros\/asia-indonesia\/transporte\/#primaryimage\"},\"image\":{\"@id\":\"https:\/\/itxaspe.com\/mochileros\/asia-indonesia\/transporte\/#primaryimage\"},\"thumbnailUrl\":\"https:\/\/live.staticflickr.com\/3154\/3035527243_ccdcb94862_o.jpg\",\"datePublished\":\"2019-06-05T14:08:28+00:00\",\"dateModified\":\"2019-09-01T18:31:52+00:00\",\"description\":\"Una vez estamos all\u00ed, nos tocar\u00e1 coger medios de transporte en Indonesia, para movernos de un sitio a otro. Aqu\u00ed pondremos webs interesantes al respecto\",\"breadcrumb\":{\"@id\":\"https:\/\/itxaspe.com\/mochileros\/asia-indonesia\/transporte\/#breadcrumb\"},\"inLanguage\":\"es\",\"potentialAction\":[{\"@type\":\"ReadAction\",\"target\":[\"https:\/\/itxaspe.com\/mochileros\/asia-indonesia\/transporte\/\"]}]},{\"@type\":\"ImageObject\",\"inLanguage\":\"es\",\"@id\":\"https:\/\/itxaspe.com\/mochileros\/asia-indonesia\/transporte\/#primaryimage\",\"url\":\"https:\/\/live.staticflickr.com\/3154\/3035527243_ccdcb94862_o.jpg\",\"contentUrl\":\"https:\/\/live.staticflickr.com\/3154\/3035527243_ccdcb94862_o.jpg\"},{\"@type\":\"BreadcrumbList\",\"@id\":\"https:\/\/itxaspe.com\/mochileros\/asia-indonesia\/transporte\/#breadcrumb\",\"itemListElement\":[{\"@type\":\"ListItem\",\"position\":1,\"name\":\"Portada\",\"item\":\"https:\/\/itxaspe.com\/mochileros\/asia-indonesia\/\"},{\"@type\":\"ListItem\",\"position\":2,\"name\":\"TRANSPORTE\"}]},{\"@type\":\"WebSite\",\"@id\":\"https:\/\/itxaspe.com\/mochileros\/asia-indonesia\/#website\",\"url\":\"https:\/\/itxaspe.com\/mochileros\/asia-indonesia\/\",\"name\":\"MOCHILEROS POR INDONESIA - ASIA - AGOSTO 2019\",\"description\":\"Nuestro blog de viaje a Indonesia. Primer viaje con la mochila a cuestas\",\"potentialAction\":[{\"@type\":\"SearchAction\",\"target\":{\"@type\":\"EntryPoint\",\"urlTemplate\":\"https:\/\/itxaspe.com\/mochileros\/asia-indonesia\/?s={search_term_string}\"},\"query-input\":{\"@type\":\"PropertyValueSpecification\",\"valueRequired\":true,\"valueName\":\"search_term_string\"}}],\"inLanguage\":\"es\"}]}<\/script>\n<!-- \/ Yoast SEO plugin. -->","yoast_head_json":{"title":"TRANSPORTE - MOCHILEROS POR INDONESIA - ASIA - AGOSTO 2019","description":"Una vez estamos all\u00ed, nos tocar\u00e1 coger medios de transporte en Indonesia, para movernos de un sitio a otro. Aqu\u00ed pondremos webs interesantes al respecto","robots":{"index":"index","follow":"follow","max-snippet":"max-snippet:-1","max-image-preview":"max-image-preview:large","max-video-preview":"max-video-preview:-1"},"canonical":"https:\/\/itxaspe.com\/mochileros\/asia-indonesia\/transporte\/","og_locale":"es_ES","og_type":"article","og_title":"TRANSPORTE - MOCHILEROS POR INDONESIA - ASIA - AGOSTO 2019","og_description":"Una vez estamos all\u00ed, nos tocar\u00e1 coger medios de transporte en Indonesia, para movernos de un sitio a otro. Aqu\u00ed pondremos webs interesantes al respecto","og_url":"https:\/\/itxaspe.com\/mochileros\/asia-indonesia\/transporte\/","og_site_name":"MOCHILEROS POR INDONESIA - ASIA - AGOSTO 2019","article_modified_time":"2019-09-01T18:31:52+00:00","og_image":[{"url":"https:\/\/live.staticflickr.com\/3154\/3035527243_ccdcb94862_o.jpg","type":"","width":"","height":""}],"twitter_card":"summary_large_image","twitter_misc":{"Tiempo de lectura":"1 minuto"},"schema":{"@context":"https:\/\/schema.org","@graph":[{"@type":"WebPage","@id":"https:\/\/itxaspe.com\/mochileros\/asia-indonesia\/transporte\/","url":"https:\/\/itxaspe.com\/mochileros\/asia-indonesia\/transporte\/","name":"TRANSPORTE - MOCHILEROS POR INDONESIA - ASIA - AGOSTO 2019","isPartOf":{"@id":"https:\/\/itxaspe.com\/mochileros\/asia-indonesia\/#website"},"primaryImageOfPage":{"@id":"https:\/\/itxaspe.com\/mochileros\/asia-indonesia\/transporte\/#primaryimage"},"image":{"@id":"https:\/\/itxaspe.com\/mochileros\/asia-indonesia\/transporte\/#primaryimage"},"thumbnailUrl":"https:\/\/live.staticflickr.com\/3154\/3035527243_ccdcb94862_o.jpg","datePublished":"2019-06-05T14:08:28+00:00","dateModified":"2019-09-01T18:31:52+00:00","description":"Una vez estamos all\u00ed, nos tocar\u00e1 coger medios de transporte en Indonesia, para movernos de un sitio a otro. Aqu\u00ed pondremos webs interesantes al respecto","breadcrumb":{"@id":"https:\/\/itxaspe.com\/mochileros\/asia-indonesia\/transporte\/#breadcrumb"},"inLanguage":"es","potentialAction":[{"@type":"ReadAction","target":["https:\/\/itxaspe.com\/mochileros\/asia-indonesia\/transporte\/"]}]},{"@type":"ImageObject","inLanguage":"es","@id":"https:\/\/itxaspe.com\/mochileros\/asia-indonesia\/transporte\/#primaryimage","url":"https:\/\/live.staticflickr.com\/3154\/3035527243_ccdcb94862_o.jpg","contentUrl":"https:\/\/live.staticflickr.com\/3154\/3035527243_ccdcb94862_o.jpg"},{"@type":"BreadcrumbList","@id":"https:\/\/itxaspe.com\/mochileros\/asia-indonesia\/transporte\/#breadcrumb","itemListElement":[{"@type":"ListItem","position":1,"name":"Portada","item":"https:\/\/itxaspe.com\/mochileros\/asia-indonesia\/"},{"@type":"ListItem","position":2,"name":"TRANSPORTE"}]},{"@type":"WebSite","@id":"https:\/\/itxaspe.com\/mochileros\/asia-indonesia\/#website","url":"https:\/\/itxaspe.com\/mochileros\/asia-indonesia\/","name":"MOCHILEROS POR INDONESIA - ASIA - AGOSTO 2019","description":"Nuestro blog de viaje a Indonesia. Primer viaje con la mochila a cuestas","potentialAction":[{"@type":"SearchAction","target":{"@type":"EntryPoint","urlTemplate":"https:\/\/itxaspe.com\/mochileros\/asia-indonesia\/?s={search_term_string}"},"query-input":{"@type":"PropertyValueSpecification","valueRequired":true,"valueName":"search_term_string"}}],"inLanguage":"es"}]}},"_links":{"self":[{"href":"https:\/\/itxaspe.com\/mochileros\/asia-indonesia\/wp-json\/wp\/v2\/pages\/240","targetHints":{"allow":["GET"]}}],"collection":[{"href":"https:\/\/itxaspe.com\/mochileros\/asia-indonesia\/wp-json\/wp\/v2\/pages"}],"about":[{"href":"https:\/\/itxaspe.com\/mochileros\/asia-indonesia\/wp-json\/wp\/v2\/types\/page"}],"author":[{"embeddable":true,"href":"https:\/\/itxaspe.com\/mochileros\/asia-indonesia\/wp-json\/wp\/v2\/users\/1"}],"replies":[{"embeddable":true,"href":"https:\/\/itxaspe.com\/mochileros\/asia-indonesia\/wp-json\/wp\/v2\/comments?post=240"}],"version-history":[{"count":8,"href":"https:\/\/itxaspe.com\/mochileros\/asia-indonesia\/wp-json\/wp\/v2\/pages\/240\/revisions"}],"predecessor-version":[{"id":321,"href":"https:\/\/itxaspe.com\/mochileros\/asia-indonesia\/wp-json\/wp\/v2\/pages\/240\/revisions\/321"}],"wp:attachment":[{"href":"https:\/\/itxaspe.com\/mochileros\/asia-indonesia\/wp-json\/wp\/v2\/media?parent=240"}],"curies":[{"name":"wp","href":"https:\/\/api.w.org\/{rel}","templated":true}]}}